{"id":2,"date":"2020-01-03T13:39:02","date_gmt":"2020-01-03T13:39:02","guid":{"rendered":"https:\/\/dansibandsfestivalur.fo\/?page_id=2"},"modified":"2021-04-20T13:40:49","modified_gmt":"2021-04-20T13:40:49","slug":"sample-page","status":"publish","type":"page","link":"https:\/\/dansibandsfestivalur.fo\/?page_id=2","title":{"rendered":"Um okkum"},"content":{"rendered":"\n<figure class=\"wp-block-image size-large\"><img loading=\"lazy\" decoding=\"async\" width=\"1000\" height=\"667\" src=\"https:\/\/dansibandsfestivalur.fo\/wp-content\/uploads\/2020\/02\/11136169_1612826732288236_2535417802448090300_o.jpg\" alt=\"\" class=\"wp-image-127\" srcset=\"https:\/\/dansibandsfestivalur.fo\/wp-content\/uploads\/2020\/02\/11136169_1612826732288236_2535417802448090300_o.jpg 1000w, https:\/\/dansibandsfestivalur.fo\/wp-content\/uploads\/2020\/02\/11136169_1612826732288236_2535417802448090300_o-300x200.jpg 300w, https:\/\/dansibandsfestivalur.fo\/wp-content\/uploads\/2020\/02\/11136169_1612826732288236_2535417802448090300_o-768x512.jpg 768w\" sizes=\"auto, (max-width: 1000px) 100vw, 1000px\" \/><\/figure>\n\n\n\n<p>Dansibandsfestivalurin \u00ed V\u00e1gi var\u00f0 fyrstu fer\u00f0 skipa\u00f0ur \u00e1 sumri 2014 og hevur s\u00ed\u00f0an 2015 \u00e1r um \u00e1r veri\u00f0 skipa\u00f0ur fyrsta vikuskifti\u00f0 \u00ed mai m\u00e1na\u00f0.<\/p>\n\n\n\n<p>Dansibandsfestivalurin bj\u00f3\u00f0ar \u00f8llum dansi-\u00e1huga\u00f0um f\u00f8royingum til V\u00e1gs til dans fr\u00edggjakv\u00f8ld og leygarkv\u00f8ld. Bj\u00f3\u00f0a ver\u00f0ur til g\u00f3\u00f0an dansibands-t\u00f3nleikur, sum ver\u00f0ur krydda\u00f0ur vi\u00f0 g\u00f3\u00f0um mati, g\u00f3\u00f0um undirhaldi og hugna \u2013 og ikki minst vi\u00f0 st\u00f3rum gestabl\u00eddni.<\/p>\n\n\n\n<p>Skr\u00e1in fevnir millum anna\u00f0 um tvey fram\u00far dansikv\u00f8ld, syngi\u00f0 vi\u00f0 kv\u00f8ld, brunsj, grillkv\u00f8ld, dansibandsgudst\u00e6nastu, gongut\u00far \u00ed st\u00f3rslidnu n\u00e1tt\u00faruni kring V\u00e1g, og ikki minst hugna og gestabl\u00eddni.<\/p>\n\n\n\n<p><\/p>\n","protected":false},"excerpt":{"rendered":"<p>Dansibandsfestivalurin \u00ed V\u00e1gi var\u00f0 fyrstu fer\u00f0 skipa\u00f0ur \u00e1 sumri 2014 og hevur s\u00ed\u00f0an 2015 \u00e1r um \u00e1r veri\u00f0 skipa\u00f0ur fyrsta&hellip; <\/p>\n","protected":false},"author":1,"featured_media":127,"parent":0,"menu_order":0,"comment_status":"closed","ping_status":"closed","template":"","meta":{"footnotes":""},"class_list":["post-2","page","type-page","status-publish","has-post-thumbnail","hentry"],"_links":{"self":[{"href":"https:\/\/dansibandsfestivalur.fo\/index.php?rest_route=\/wp\/v2\/pages\/2","targetHints":{"allow":["GET"]}}],"collection":[{"href":"https:\/\/dansibandsfestivalur.fo\/index.php?rest_route=\/wp\/v2\/pages"}],"about":[{"href":"https:\/\/dansibandsfestivalur.fo\/index.php?rest_route=\/wp\/v2\/types\/page"}],"author":[{"embeddable":true,"href":"https:\/\/dansibandsfestivalur.fo\/index.php?rest_route=\/wp\/v2\/users\/1"}],"replies":[{"embeddable":true,"href":"https:\/\/dansibandsfestivalur.fo\/index.php?rest_route=%2Fwp%2Fv2%2Fcomments&post=2"}],"version-history":[{"count":4,"href":"https:\/\/dansibandsfestivalur.fo\/index.php?rest_route=\/wp\/v2\/pages\/2\/revisions"}],"predecessor-version":[{"id":273,"href":"https:\/\/dansibandsfestivalur.fo\/index.php?rest_route=\/wp\/v2\/pages\/2\/revisions\/273"}],"wp:featuredmedia":[{"embeddable":true,"href":"https:\/\/dansibandsfestivalur.fo\/index.php?rest_route=\/wp\/v2\/media\/127"}],"wp:attachment":[{"href":"https:\/\/dansibandsfestivalur.fo\/index.php?rest_route=%2Fwp%2Fv2%2Fmedia&parent=2"}],"curies":[{"name":"wp","href":"https:\/\/api.w.org\/{rel}","templated":true}]}}

<figure class="wp-block-image size-large"><img loading="lazy" decoding="async" width="1000" height="667" src="https://dansibandsfestivalur.fo/wp-content/uploads/2020/02/11136169_1612826732288236_2535417802448090300_o.jpg" alt="" class="wp-image-127" srcset="https://dansibandsfestivalur.fo/wp-content/uploads/2020/02/11136169_1612826732288236_2535417802448090300_o.jpg 1000w, https://dansibandsfestivalur.fo/wp-content/uploads/2020/02/11136169_1612826732288236_2535417802448090300_o-300x200.jpg 300w, https://dansibandsfestivalur.fo/wp-content/uploads/2020/02/11136169_1612826732288236_2535417802448090300_o-768x512.jpg 768w" sizes="auto, (max-width: 1000px) 100vw, 1000px" /></figure>



<p>Dansibandsfestivalurin í Vági varð fyrstu ferð skipaður á sumri 2014 og hevur síðan 2015 ár um ár verið skipaður fyrsta vikuskiftið í mai mánað.</p>



<p>Dansibandsfestivalurin bjóðar øllum dansi-áhugaðum føroyingum til Vágs til dans fríggjakvøld og leygarkvøld. Bjóða verður til góðan dansibands-tónleikur, sum verður kryddaður við góðum mati, góðum undirhaldi og hugna – og ikki minst við stórum gestablídni.</p>



<p>Skráin fevnir millum annað um tvey framúr dansikvøld, syngið við kvøld, brunsj, grillkvøld, dansibandsgudstænastu, gongutúr í stórslidnu náttúruni kring Vág, og ikki minst hugna og gestablídni.</p>



<p></p>

<p>Dansibandsfestivalurin í Vági varð fyrstu ferð skipaður á sumri 2014 og hevur síðan 2015 ár um ár verið skipaður fyrsta&hellip; </p>
